{"id":506,"date":"2014-04-12T18:17:31","date_gmt":"2014-04-12T18:17:31","guid":{"rendered":"https:\/\/aquilespriester.com\/site\/?page_id=506"},"modified":"2020-08-27T00:38:40","modified_gmt":"2020-08-27T00:38:40","slug":"setup-2007","status":"publish","type":"page","link":"https:\/\/aquilespriester.com\/site\/setup-2007\/","title":{"rendered":"Setup 2007"},"content":{"rendered":"<h1>Setup 2007<\/h1>\n<p><a href=\"https:\/\/aquilespriester.com\/site\/wp-content\/uploads\/2014\/04\/2007.jpg\"><img loading=\"lazy\" decoding=\"async\" class=\"aligncenter size-full wp-image-501\" title=\"2007\" src=\"https:\/\/aquilespriester.com\/site\/wp-content\/uploads\/2014\/04\/2007.jpg\" alt=\"\" width=\"640\" height=\"427\" \/><\/a><br \/>\n<strong>DRUM Mapex Orion Antique Ivory \u201cPsychOctopusKit\u201d 2007<\/strong><\/p>\n<p>1. Bass Drum 22\u201dX18\u201d<br \/>\n2. Bass Drum 22\u201dX18\u201d<br \/>\n3. Black Panter Snare Walnut 14\u201dX8\u201d (Prototype)<br \/>\n4. Staff Drum Pad VMS-9<br \/>\n5. Deep Forest Snare 10\u201dX4\u201d<br \/>\n6. Rack Tom 8\u201dX8\u201d<br \/>\n7. Rack Tom 10\u201dX09\u201d<br \/>\n8. Rack Tom 12\u201dX10\u201d<br \/>\n9. Rack Tom 13\u201dX11\u201d<br \/>\n10. Rack Tom 8\u201dX7\u201d<br \/>\n11. Rack Tom 14\u201dX12\u201d<br \/>\n12. Floor Tom 16\u201dX16\u201d<br \/>\n13. Floor Tom 18\u201dX16\u201d<br \/>\n14. Floor Tom 14\u201dX14\u201d (with trigger)<\/p>\n<p><strong>Paiste Cymbals<\/strong><\/p>\n<p>A. Signature Heavy Hi-Hat 14\u201d<br \/>\nB. 2002 Rock Bell Ride 24\u201d (black custom)<br \/>\nC. Splash Signature 10\u201d<br \/>\nD. 2002 Wild Crash 18\u201d<br \/>\nE. Rude Thin Crash 19\u201d<br \/>\nF. Signature Heavy China 18\u201d<br \/>\nG. 2002 Rock Crash 17\u201d<br \/>\nH. Splash Rude10\u201d<br \/>\nI. Splash Signature 8\u201d e Splash Rude 10\u201d (staked)<br \/>\nJ. 2002 Rock Crash 18\u201d<br \/>\nK. Signature Heavy China 18\u201d<br \/>\nL. Signature Sound Edge Hi-Hat 15\u201d<br \/>\nM. Signature Power Crash 18\u201d<br \/>\nN. Signature Full Crash 19\u201d<br \/>\nO. Rude China 14\u201d (custom)<br \/>\nP. 2002 Rock Bell Ride 24\u201d (black custom)<br \/>\nQ. 2002 Wild Crash 20\u201d<br \/>\nR. Rack de perif\u00e9ricos com direct box, mesa de monitora\u00e7\u00e3o, fonte de alimenta\u00e7\u00e3o, m\u00f3dulo DDrum 4se e equalizador Cilclotron TGE 2313 XS<br \/>\nS. Hi-Hat Stand DW 9000<br \/>\nT. Pedals DW 5000 Delta Accelerator<\/p>\n<p align=\"justify\"><strong>Rack:<\/strong>\u00a0Gibraltar Road Series Model<\/p>\n<p><strong>Drum Heads:<\/strong>\u00a0Evans<br \/>\nEC2 Coated toms and floor toms, EQ 4 on the bass drum, Power Center on the snare 14\u201d e Genera Coated on the snare 10\u201d. G1 Resonant on the botton of toms and floor toms and Haze 300 on the botton of 14\u201d and 10\u201d snares.<\/p>\n<p><strong>Microphones:<\/strong>\u00a0Audio-Technica<br \/>\nAE 2500 Bass Drum, ATM 35 on toms and floor toms, ATM 23 Snare botton and top 14\u201d and 10\u201d, AE 5100 hi-hat and ride cymbals , AE3000 over heads and MBK3 drum clinics voice.<\/p>\n<p><strong>Sticks:<\/strong>\u00a0Pro-Mark<br \/>\nAutograph Model Aquiles Priester<\/p>\n<p><strong>Triggers:<\/strong>\u00a0Power Shot by Staff Drum<\/p>\n<p><strong>Monitor system:<\/strong>\u00a0Ciclotron<br \/>\nConsole Mixing Vega 2, 1 Ciclotron Titanium 700A and 1 Ciclotron Sub 600<\/p>\n<p><strong>Urban Boards:<\/strong>\u00a0Drummer Shoes (PsychoShoes)<\/p>\n<p><strong>Shred Cases:<\/strong>\u00a0Cases<br \/>\n<style type=\"text\/css\">\n#foogallery-gallery-6234 .fg-image { width: 250px; }\n#foogallery-gallery-6234 { --fg-gutter: 10px; }<\/style>\n\t\t\t<div class=\"foogallery foogallery-container foogallery-default foogallery-lightbox-foobox fg-center fg-default fg-ready fg-light fg-border-thin fg-shadow-outline fg-loading-default fg-loaded-fade-in fg-caption-hover fg-hover-fade fg-hover-zoom\" id=\"foogallery-gallery-6234\" data-foogallery=\"{&quot;item&quot;:{&quot;showCaptionTitle&quot;:false,&quot;showCaptionDescription&quot;:false},&quot;lazy&quot;:true}\" style=\"--fg-title-line-clamp: 0; --fg-description-line-clamp: 0;\" >\n\t<div class=\"fg-item fg-type-image fg-idle\"><figure class=\"fg-item-inner\"><a href=\"https:\/\/aquilespriester.com\/site\/wp-content\/uploads\/2020\/08\/16-11.jpg\" data-caption-title=\"16\" data-caption-desc=\"16\" data-attachment-id=\"6252\" data-type=\"image\" class=\"fg-thumb\"><span class=\"fg-image-wrap\"><img fetchpriority=\"high\" decoding=\"async\" alt=\"16\" title=\"16\" width=\"250\" height=\"250\" class=\"skip-lazy fg-image\" data-src-fg=\"https:\/\/aquilespriester.com\/site\/wp-content\/uploads\/cache\/2020\/08\/16-11\/1569769643.jpg\" src=\"data:image\/svg+xml,%3Csvg%20xmlns%3D%22http%3A%2F%2Fwww.w3.org%2F2000%2Fsvg%22%20width%3D%22250%22%20height%3D%22250%22%20viewBox%3D%220%200%20250%20250%22%3E%3C%2Fsvg%3E\" loading=\"eager\"><\/span><span class=\"fg-image-overlay\"><\/span><\/a><\/figure><div class=\"fg-loader\"><\/div><\/div><div class=\"fg-item fg-type-image fg-idle\"><figure class=\"fg-item-inner\"><a href=\"https:\/\/aquilespriester.com\/site\/wp-content\/uploads\/2020\/08\/19-12.jpg\" data-caption-title=\"19\" data-caption-desc=\"19\" data-attachment-id=\"6235\" data-type=\"image\" class=\"fg-thumb\"><span class=\"fg-image-wrap\"><img decoding=\"async\" alt=\"19\" title=\"19\" width=\"250\" height=\"250\" class=\"skip-lazy fg-image\" data-src-fg=\"https:\/\/aquilespriester.com\/site\/wp-content\/uploads\/cache\/2020\/08\/19-12\/473270199.jpg\" src=\"data:image\/svg+xml,%3Csvg%20xmlns%3D%22http%3A%2F%2Fwww.w3.org%2F2000%2Fsvg%22%20width%3D%22250%22%20height%3D%22250%22%20viewBox%3D%220%200%20250%20250%22%3E%3C%2Fsvg%3E\" loading=\"eager\"><\/span><span class=\"fg-image-overlay\"><\/span><\/a><\/figure><div class=\"fg-loader\"><\/div><\/div><div class=\"fg-item fg-type-image fg-idle\"><figure class=\"fg-item-inner\"><a href=\"https:\/\/aquilespriester.com\/site\/wp-content\/uploads\/2020\/08\/1-14.jpg\" data-caption-title=\"1\" data-caption-desc=\"1\" data-attachment-id=\"6236\" data-type=\"image\" class=\"fg-thumb\"><span class=\"fg-image-wrap\"><img decoding=\"async\" alt=\"1\" title=\"1\" width=\"250\" height=\"250\" class=\"skip-lazy fg-image\" data-src-fg=\"https:\/\/aquilespriester.com\/site\/wp-content\/uploads\/cache\/2020\/08\/1-14\/832499701.jpg\" src=\"data:image\/svg+xml,%3Csvg%20xmlns%3D%22http%3A%2F%2Fwww.w3.org%2F2000%2Fsvg%22%20width%3D%22250%22%20height%3D%22250%22%20viewBox%3D%220%200%20250%20250%22%3E%3C%2Fsvg%3E\" loading=\"eager\"><\/span><span class=\"fg-image-overlay\"><\/span><\/a><\/figure><div class=\"fg-loader\"><\/div><\/div><div class=\"fg-item fg-type-image fg-idle\"><figure class=\"fg-item-inner\"><a href=\"https:\/\/aquilespriester.com\/site\/wp-content\/uploads\/2020\/08\/2-15.jpg\" data-caption-title=\"2\" data-caption-desc=\"2\" data-attachment-id=\"6237\" data-type=\"image\" class=\"fg-thumb\"><span class=\"fg-image-wrap\"><img decoding=\"async\" alt=\"2\" title=\"2\" width=\"250\" height=\"250\" class=\"skip-lazy fg-image\" data-src-fg=\"https:\/\/aquilespriester.com\/site\/wp-content\/uploads\/cache\/2020\/08\/2-15\/4264580689.jpg\" src=\"data:image\/svg+xml,%3Csvg%20xmlns%3D%22http%3A%2F%2Fwww.w3.org%2F2000%2Fsvg%22%20width%3D%22250%22%20height%3D%22250%22%20viewBox%3D%220%200%20250%20250%22%3E%3C%2Fsvg%3E\" loading=\"eager\"><\/span><span class=\"fg-image-overlay\"><\/span><\/a><\/figure><div class=\"fg-loader\"><\/div><\/div><div class=\"fg-item fg-type-image fg-idle\"><figure class=\"fg-item-inner\"><a href=\"https:\/\/aquilespriester.com\/site\/wp-content\/uploads\/2020\/08\/3-15.jpg\" data-caption-title=\"3\" data-caption-desc=\"3\" data-attachment-id=\"6238\" data-type=\"image\" class=\"fg-thumb\"><span class=\"fg-image-wrap\"><img decoding=\"async\" alt=\"3\" title=\"3\" width=\"250\" height=\"250\" class=\"skip-lazy fg-image\" data-src-fg=\"https:\/\/aquilespriester.com\/site\/wp-content\/uploads\/cache\/2020\/08\/3-15\/1107064044.jpg\" src=\"data:image\/svg+xml,%3Csvg%20xmlns%3D%22http%3A%2F%2Fwww.w3.org%2F2000%2Fsvg%22%20width%3D%22250%22%20height%3D%22250%22%20viewBox%3D%220%200%20250%20250%22%3E%3C%2Fsvg%3E\" loading=\"eager\"><\/span><span class=\"fg-image-overlay\"><\/span><\/a><\/figure><div class=\"fg-loader\"><\/div><\/div><div class=\"fg-item fg-type-image fg-idle\"><figure class=\"fg-item-inner\"><a href=\"https:\/\/aquilespriester.com\/site\/wp-content\/uploads\/2020\/08\/4-15.jpg\" data-caption-title=\"4\" data-caption-desc=\"4\" data-attachment-id=\"6239\" data-type=\"image\" class=\"fg-thumb\"><span class=\"fg-image-wrap\"><img decoding=\"async\" alt=\"4\" title=\"4\" width=\"250\" height=\"250\" class=\"skip-lazy fg-image\" data-src-fg=\"https:\/\/aquilespriester.com\/site\/wp-content\/uploads\/cache\/2020\/08\/4-15\/4062297684.jpg\" src=\"data:image\/svg+xml,%3Csvg%20xmlns%3D%22http%3A%2F%2Fwww.w3.org%2F2000%2Fsvg%22%20width%3D%22250%22%20height%3D%22250%22%20viewBox%3D%220%200%20250%20250%22%3E%3C%2Fsvg%3E\" loading=\"eager\"><\/span><span class=\"fg-image-overlay\"><\/span><\/a><\/figure><div class=\"fg-loader\"><\/div><\/div><div class=\"fg-item fg-type-image fg-idle\"><figure class=\"fg-item-inner\"><a href=\"https:\/\/aquilespriester.com\/site\/wp-content\/uploads\/2020\/08\/5-14.jpg\" data-caption-title=\"5\" data-caption-desc=\"5\" data-attachment-id=\"6240\" data-type=\"image\" class=\"fg-thumb\"><span class=\"fg-image-wrap\"><img decoding=\"async\" alt=\"5\" title=\"5\" width=\"250\" height=\"250\" class=\"skip-lazy fg-image\" data-src-fg=\"https:\/\/aquilespriester.com\/site\/wp-content\/uploads\/cache\/2020\/08\/5-14\/3420877068.jpg\" src=\"data:image\/svg+xml,%3Csvg%20xmlns%3D%22http%3A%2F%2Fwww.w3.org%2F2000%2Fsvg%22%20width%3D%22250%22%20height%3D%22250%22%20viewBox%3D%220%200%20250%20250%22%3E%3C%2Fsvg%3E\" loading=\"eager\"><\/span><span class=\"fg-image-overlay\"><\/span><\/a><\/figure><div class=\"fg-loader\"><\/div><\/div><div class=\"fg-item fg-type-image fg-idle\"><figure class=\"fg-item-inner\"><a href=\"https:\/\/aquilespriester.com\/site\/wp-content\/uploads\/2020\/08\/6-15.jpg\" data-caption-title=\"6\" data-caption-desc=\"6\" data-attachment-id=\"6241\" data-type=\"image\" class=\"fg-thumb\"><span class=\"fg-image-wrap\"><img decoding=\"async\" alt=\"6\" title=\"6\" width=\"250\" height=\"250\" class=\"skip-lazy fg-image\" data-src-fg=\"https:\/\/aquilespriester.com\/site\/wp-content\/uploads\/cache\/2020\/08\/6-15\/71878824.jpg\" src=\"data:image\/svg+xml,%3Csvg%20xmlns%3D%22http%3A%2F%2Fwww.w3.org%2F2000%2Fsvg%22%20width%3D%22250%22%20height%3D%22250%22%20viewBox%3D%220%200%20250%20250%22%3E%3C%2Fsvg%3E\" loading=\"eager\"><\/span><span class=\"fg-image-overlay\"><\/span><\/a><\/figure><div class=\"fg-loader\"><\/div><\/div><div class=\"fg-item fg-type-image fg-idle\"><figure class=\"fg-item-inner\"><a href=\"https:\/\/aquilespriester.com\/site\/wp-content\/uploads\/2020\/08\/7-14.jpg\" data-caption-title=\"7\" data-caption-desc=\"7\" data-attachment-id=\"6242\" data-type=\"image\" class=\"fg-thumb\"><span class=\"fg-image-wrap\"><img decoding=\"async\" alt=\"7\" title=\"7\" width=\"250\" height=\"250\" class=\"skip-lazy fg-image\" data-src-fg=\"https:\/\/aquilespriester.com\/site\/wp-content\/uploads\/cache\/2020\/08\/7-14\/2100719866.jpg\" src=\"data:image\/svg+xml,%3Csvg%20xmlns%3D%22http%3A%2F%2Fwww.w3.org%2F2000%2Fsvg%22%20width%3D%22250%22%20height%3D%22250%22%20viewBox%3D%220%200%20250%20250%22%3E%3C%2Fsvg%3E\" loading=\"eager\"><\/span><span class=\"fg-image-overlay\"><\/span><\/a><\/figure><div class=\"fg-loader\"><\/div><\/div><div class=\"fg-item fg-type-image fg-idle\"><figure class=\"fg-item-inner\"><a href=\"https:\/\/aquilespriester.com\/site\/wp-content\/uploads\/2020\/08\/8-13.jpg\" data-caption-title=\"8\" data-caption-desc=\"8\" data-attachment-id=\"6243\" data-type=\"image\" class=\"fg-thumb\"><span class=\"fg-image-wrap\"><img decoding=\"async\" alt=\"8\" title=\"8\" width=\"250\" height=\"250\" class=\"skip-lazy fg-image\" data-src-fg=\"https:\/\/aquilespriester.com\/site\/wp-content\/uploads\/cache\/2020\/08\/8-13\/2129482270.jpg\" src=\"data:image\/svg+xml,%3Csvg%20xmlns%3D%22http%3A%2F%2Fwww.w3.org%2F2000%2Fsvg%22%20width%3D%22250%22%20height%3D%22250%22%20viewBox%3D%220%200%20250%20250%22%3E%3C%2Fsvg%3E\" loading=\"eager\"><\/span><span class=\"fg-image-overlay\"><\/span><\/a><\/figure><div class=\"fg-loader\"><\/div><\/div><div class=\"fg-item fg-type-image fg-idle\"><figure class=\"fg-item-inner\"><a href=\"https:\/\/aquilespriester.com\/site\/wp-content\/uploads\/2020\/08\/9-15.jpg\" data-caption-title=\"9\" data-caption-desc=\"9\" data-attachment-id=\"6245\" data-type=\"image\" class=\"fg-thumb\"><span class=\"fg-image-wrap\"><img decoding=\"async\" alt=\"9\" title=\"9\" width=\"250\" height=\"250\" class=\"skip-lazy fg-image\" data-src-fg=\"https:\/\/aquilespriester.com\/site\/wp-content\/uploads\/cache\/2020\/08\/9-15\/2444773953.jpg\" src=\"data:image\/svg+xml,%3Csvg%20xmlns%3D%22http%3A%2F%2Fwww.w3.org%2F2000%2Fsvg%22%20width%3D%22250%22%20height%3D%22250%22%20viewBox%3D%220%200%20250%20250%22%3E%3C%2Fsvg%3E\" loading=\"eager\"><\/span><span class=\"fg-image-overlay\"><\/span><\/a><\/figure><div class=\"fg-loader\"><\/div><\/div><div class=\"fg-item fg-type-image fg-idle\"><figure class=\"fg-item-inner\"><a href=\"https:\/\/aquilespriester.com\/site\/wp-content\/uploads\/2020\/08\/10-13.jpg\" data-caption-title=\"10\" data-caption-desc=\"10\" data-attachment-id=\"6246\" data-type=\"image\" class=\"fg-thumb\"><span class=\"fg-image-wrap\"><img decoding=\"async\" alt=\"10\" title=\"10\" width=\"250\" height=\"250\" class=\"skip-lazy fg-image\" data-src-fg=\"https:\/\/aquilespriester.com\/site\/wp-content\/uploads\/cache\/2020\/08\/10-13\/1980336673.jpg\" src=\"data:image\/svg+xml,%3Csvg%20xmlns%3D%22http%3A%2F%2Fwww.w3.org%2F2000%2Fsvg%22%20width%3D%22250%22%20height%3D%22250%22%20viewBox%3D%220%200%20250%20250%22%3E%3C%2Fsvg%3E\" loading=\"eager\"><\/span><span class=\"fg-image-overlay\"><\/span><\/a><\/figure><div class=\"fg-loader\"><\/div><\/div><div class=\"fg-item fg-type-image fg-idle\"><figure class=\"fg-item-inner\"><a href=\"https:\/\/aquilespriester.com\/site\/wp-content\/uploads\/2020\/08\/11-12.jpg\" data-caption-title=\"11\" data-caption-desc=\"11\" data-attachment-id=\"6247\" data-type=\"image\" class=\"fg-thumb\"><span class=\"fg-image-wrap\"><img decoding=\"async\" alt=\"11\" title=\"11\" width=\"250\" height=\"250\" class=\"skip-lazy fg-image\" data-src-fg=\"https:\/\/aquilespriester.com\/site\/wp-content\/uploads\/cache\/2020\/08\/11-12\/3401341572.jpg\" src=\"data:image\/svg+xml,%3Csvg%20xmlns%3D%22http%3A%2F%2Fwww.w3.org%2F2000%2Fsvg%22%20width%3D%22250%22%20height%3D%22250%22%20viewBox%3D%220%200%20250%20250%22%3E%3C%2Fsvg%3E\" loading=\"eager\"><\/span><span class=\"fg-image-overlay\"><\/span><\/a><\/figure><div class=\"fg-loader\"><\/div><\/div><div class=\"fg-item fg-type-image fg-idle\"><figure class=\"fg-item-inner\"><a href=\"https:\/\/aquilespriester.com\/site\/wp-content\/uploads\/2020\/08\/12-12.jpg\" data-caption-title=\"12\" data-caption-desc=\"12\" data-attachment-id=\"6248\" data-type=\"image\" class=\"fg-thumb\"><span class=\"fg-image-wrap\"><img decoding=\"async\" alt=\"12\" title=\"12\" width=\"250\" height=\"250\" class=\"skip-lazy fg-image\" data-src-fg=\"https:\/\/aquilespriester.com\/site\/wp-content\/uploads\/cache\/2020\/08\/12-12\/2106881017.jpg\" src=\"data:image\/svg+xml,%3Csvg%20xmlns%3D%22http%3A%2F%2Fwww.w3.org%2F2000%2Fsvg%22%20width%3D%22250%22%20height%3D%22250%22%20viewBox%3D%220%200%20250%20250%22%3E%3C%2Fsvg%3E\" loading=\"eager\"><\/span><span class=\"fg-image-overlay\"><\/span><\/a><\/figure><div class=\"fg-loader\"><\/div><\/div><div class=\"fg-item fg-type-image fg-idle\"><figure class=\"fg-item-inner\"><a href=\"https:\/\/aquilespriester.com\/site\/wp-content\/uploads\/2020\/08\/13-11.jpg\" data-caption-title=\"13\" data-caption-desc=\"13\" data-attachment-id=\"6249\" data-type=\"image\" class=\"fg-thumb\"><span class=\"fg-image-wrap\"><img decoding=\"async\" alt=\"13\" title=\"13\" width=\"250\" height=\"250\" class=\"skip-lazy fg-image\" data-src-fg=\"https:\/\/aquilespriester.com\/site\/wp-content\/uploads\/cache\/2020\/08\/13-11\/2198119457.jpg\" src=\"data:image\/svg+xml,%3Csvg%20xmlns%3D%22http%3A%2F%2Fwww.w3.org%2F2000%2Fsvg%22%20width%3D%22250%22%20height%3D%22250%22%20viewBox%3D%220%200%20250%20250%22%3E%3C%2Fsvg%3E\" loading=\"eager\"><\/span><span class=\"fg-image-overlay\"><\/span><\/a><\/figure><div class=\"fg-loader\"><\/div><\/div><div class=\"fg-item fg-type-image fg-idle\"><figure class=\"fg-item-inner\"><a href=\"https:\/\/aquilespriester.com\/site\/wp-content\/uploads\/2020\/08\/14-11.jpg\" data-caption-title=\"14\" data-caption-desc=\"14\" data-attachment-id=\"6250\" data-type=\"image\" class=\"fg-thumb\"><span class=\"fg-image-wrap\"><img decoding=\"async\" alt=\"14\" title=\"14\" width=\"250\" height=\"250\" class=\"skip-lazy fg-image\" data-src-fg=\"https:\/\/aquilespriester.com\/site\/wp-content\/uploads\/cache\/2020\/08\/14-11\/3182389469.jpg\" src=\"data:image\/svg+xml,%3Csvg%20xmlns%3D%22http%3A%2F%2Fwww.w3.org%2F2000%2Fsvg%22%20width%3D%22250%22%20height%3D%22250%22%20viewBox%3D%220%200%20250%20250%22%3E%3C%2Fsvg%3E\" loading=\"eager\"><\/span><span class=\"fg-image-overlay\"><\/span><\/a><\/figure><div class=\"fg-loader\"><\/div><\/div><div class=\"fg-item fg-type-image fg-idle\"><figure class=\"fg-item-inner\"><a href=\"https:\/\/aquilespriester.com\/site\/wp-content\/uploads\/2020\/08\/15-11.jpg\" data-caption-title=\"15\" data-caption-desc=\"15\" data-attachment-id=\"6251\" data-type=\"image\" class=\"fg-thumb\"><span class=\"fg-image-wrap\"><img decoding=\"async\" alt=\"15\" title=\"15\" width=\"250\" height=\"250\" class=\"skip-lazy fg-image\" data-src-fg=\"https:\/\/aquilespriester.com\/site\/wp-content\/uploads\/cache\/2020\/08\/15-11\/3450910950.jpg\" src=\"data:image\/svg+xml,%3Csvg%20xmlns%3D%22http%3A%2F%2Fwww.w3.org%2F2000%2Fsvg%22%20width%3D%22250%22%20height%3D%22250%22%20viewBox%3D%220%200%20250%20250%22%3E%3C%2Fsvg%3E\" loading=\"eager\"><\/span><span class=\"fg-image-overlay\"><\/span><\/a><\/figure><div class=\"fg-loader\"><\/div><\/div><\/div>\n<\/p>\n","protected":false},"excerpt":{"rendered":"<p>Setup 2007 DRUM Mapex Orion Antique Ivory \u201cPsychOctopusKit\u201d 2007 1. Bass Drum 22\u201dX18\u201d 2. Bass Drum 22\u201dX18\u201d 3. Black Panter Snare Walnut 14\u201dX8\u201d (Prototype) 4. Staff Drum Pad VMS-9 5. Deep Forest Snare 10\u201dX4\u201d 6. Rack Tom 8\u201dX8\u201d 7. Rack Tom 10\u201dX09\u201d 8. Rack Tom 12\u201dX10\u201d 9. Rack Tom 13\u201dX11\u201d 10. Rack Tom 8\u201dX7\u201d 11. [&hellip;]<\/p>\n","protected":false},"author":2,"featured_media":0,"parent":0,"menu_order":0,"comment_status":"open","ping_status":"closed","template":"","meta":{"footnotes":""},"class_list":["post-506","page","type-page","status-publish","hentry"],"_links":{"self":[{"href":"https:\/\/aquilespriester.com\/site\/wp-json\/wp\/v2\/pages\/506","targetHints":{"allow":["GET"]}}],"collection":[{"href":"https:\/\/aquilespriester.com\/site\/wp-json\/wp\/v2\/pages"}],"about":[{"href":"https:\/\/aquilespriester.com\/site\/wp-json\/wp\/v2\/types\/page"}],"author":[{"embeddable":true,"href":"https:\/\/aquilespriester.com\/site\/wp-json\/wp\/v2\/users\/2"}],"replies":[{"embeddable":true,"href":"https:\/\/aquilespriester.com\/site\/wp-json\/wp\/v2\/comments?post=506"}],"version-history":[{"count":3,"href":"https:\/\/aquilespriester.com\/site\/wp-json\/wp\/v2\/pages\/506\/revisions"}],"predecessor-version":[{"id":6405,"href":"https:\/\/aquilespriester.com\/site\/wp-json\/wp\/v2\/pages\/506\/revisions\/6405"}],"wp:attachment":[{"href":"https:\/\/aquilespriester.com\/site\/wp-json\/wp\/v2\/media?parent=506"}],"curies":[{"name":"wp","href":"https:\/\/api.w.org\/{rel}","templated":true}]}}